{"id":20981,"date":"2024-11-28T09:50:29","date_gmt":"2024-11-28T12:50:29","guid":{"rendered":"https:\/\/kadukao.com.br\/pet-shop\/?post_type=product&#038;p=20981"},"modified":"2024-11-28T21:09:53","modified_gmt":"2024-11-29T00:09:53","slug":"hidratante-para-caes-e-gatos-fiproderm-lavizoo-50g","status":"publish","type":"product","link":"https:\/\/kadukao.com.br\/pet-shop\/produto\/hidratante-para-caes-e-gatos-fiproderm-lavizoo-50g\/","title":{"rendered":"Hidratante para C\u00e3es e Gatos Fiproderm Lavizoo 50g"},"content":{"rendered":"<h2 class=\"sc-dcJsrY iVJGKX\" data-testid=\"product-detail-label\">Informa\u00e7\u00f5es do Produto<\/h2>\n<p><span class=\"sc-dcJsrY jZKEso\" data-testid=\"product-detail-title\">Hidratante para C\u00e3es e Gatos Fiproderm Lavizoo 50g<\/span><\/p>\n<div class=\"sc-iGgWBj jEOEJZ sc-jFmjhJ dNtDVB\" data-testid=\"product-detail-description\">\n<div class=\"sc-iGgWBj eWtIHQ sc-gmUfan juzvxF\" data-testid=\"rich-content-container\">\n<p>Hidratante para C\u00e3es e Gatos Fiproderm Lavizoo 50g<\/p>\n<p>-Indicado para c\u00e3es e gatos<br \/>\n&#8211; Nutri\u00e7\u00e3o profunda, com \u00f3leo de linha\u00e7a e \u00f3leo de r\u00edcino;<br \/>\n&#8211; Promove a regenera\u00e7\u00e3o celular para uma pele mais saud\u00e1vel e resistente;<br \/>\n&#8211; Especialmente formulado para peles problem\u00e1ticas;<br \/>\n&#8211; Embalagem pr\u00e1tica permite uma aplica\u00e7\u00e3o f\u00e1cil e controlada;<br \/>\n&#8211; Proporciona cuidado sem causar irrita\u00e7\u00e3o ou desconforto.<\/p>\n<p>Transforme a Pele do seu Pet com o Hidratante Fiproderm Lavizoo!<\/p>\n<p>D\u00ea ao seu c\u00e3o ou gato o conforto de uma pele saud\u00e1vel com o Hidratante Fiproderm Lavizoo. Formulado com uma mistura rica de \u00f3leos naturais e vitaminas, este produto \u00e9 o aliado perfeito para combater a pele seca, \u00e1spera e com descama\u00e7\u00f5es. Ideal para uso regular, o Fiproderm garante uma pele mais suave e hidratada.<\/p>\n<p>Benef\u00edcios do Hidratante Fiproderm Lavizoo:<br \/>\nCom \u00f3leo de linha\u00e7a e \u00f3leo de r\u00edcino, oferece uma hidrata\u00e7\u00e3o intensiva que penetra profundamente na pele, restaurando a suavidade e a elasticidade.<br \/>\nEnriquecido com vitamina A e vitamina E, este hidratante ajuda a fortalecer a barreira cut\u00e2nea e promove uma pele mais saud\u00e1vel e resistente.<br \/>\nA aplica\u00e7\u00e3o \u00e9 simples e eficaz, uma fina camada sobre a pele \u00e9 suficiente para distribuir os benef\u00edcios por toda a \u00e1rea desejada.<br \/>\nEspecialmente indicado para tratar peles secas e com descama\u00e7\u00f5es, cuidando delicadamente das \u00e1reas mais afetadas.<\/p>\n<p>Apresenta\u00e7\u00e3o<br \/>\nDispon\u00edvel em bisnaga de 50g.<br \/>\nModo de Uso<\/p>\n<p>Simplesmente aplique uma fina camada do hidratante sobre a pele do animal e espalhe suavemente.<br \/>\nN\u00e3o espere mais para cuidar da pele do seu pet! Com o Hidratante Fiproderm Lavizoo, seu amigo de quatro patas pode ter uma pele renovada e livre de desconforto. Adquira agora e d\u00ea ao seu pet o cuidado que ele merece.<\/p>\n<\/div>\n<\/div>\n","protected":false},"excerpt":{"rendered":"<p>D\u00ea ao seu c\u00e3o ou gato o conforto de uma pele saud\u00e1vel com o Hidratante Fiproderm Lavizoo. Formulado com uma mistura rica de \u00f3leos naturais e vitaminas, este produto \u00e9 o aliado perfeito para combater a pele seca, \u00e1spera e com descama\u00e7\u00f5es. Ideal para uso regular, o Fiproderm garante uma pele mais suave e hidratada.<\/p>\n","protected":false},"featured_media":20982,"comment_status":"open","ping_status":"closed","template":"","meta":[],"product_cat":[15],"product_tag":[],"class_list":{"0":"post-20981","1":"product","2":"type-product","3":"status-publish","4":"has-post-thumbnail","6":"product_cat-farmacia","9":"first","10":"instock","11":"shipping-taxable","12":"purchasable","13":"product-type-simple"},"_links":{"self":[{"href":"https:\/\/kadukao.com.br\/pet-shop\/wp-json\/wp\/v2\/product\/20981","targetHints":{"allow":["GET"]}}],"collection":[{"href":"https:\/\/kadukao.com.br\/pet-shop\/wp-json\/wp\/v2\/product"}],"about":[{"href":"https:\/\/kadukao.com.br\/pet-shop\/wp-json\/wp\/v2\/types\/product"}],"replies":[{"embeddable":true,"href":"https:\/\/kadukao.com.br\/pet-shop\/wp-json\/wp\/v2\/comments?post=20981"}],"wp:featuredmedia":[{"embeddable":true,"href":"https:\/\/kadukao.com.br\/pet-shop\/wp-json\/wp\/v2\/media\/20982"}],"wp:attachment":[{"href":"https:\/\/kadukao.com.br\/pet-shop\/wp-json\/wp\/v2\/media?parent=20981"}],"wp:term":[{"taxonomy":"product_cat","embeddable":true,"href":"https:\/\/kadukao.com.br\/pet-shop\/wp-json\/wp\/v2\/product_cat?post=20981"},{"taxonomy":"product_tag","embeddable":true,"href":"https:\/\/kadukao.com.br\/pet-shop\/wp-json\/wp\/v2\/product_tag?post=20981"}],"curies":[{"name":"wp","href":"https:\/\/api.w.org\/{rel}","templated":true}]}}